[INFO] fetching crate holochain_turn_based_game 0.1.4...
[INFO] checking holochain_turn_based_game-0.1.4 against master#cfbc6d4cf1acbac5c025acf8ed68929caa551df3 for pr-75494-beta
[INFO] extracting crate holochain_turn_based_game 0.1.4 into /workspace/builds/worker-14/source
[INFO] validating manifest of crates.io crate holochain_turn_based_game 0.1.4 on toolchain cfbc6d4cf1acbac5c025acf8ed68929caa551df3
[INFO] running `Command { std: "/workspace/cargo-home/bin/cargo" "+cfbc6d4cf1acbac5c025acf8ed68929caa551df3" "read-manifest" "--manifest-path" "Cargo.toml", kill_on_drop: false }`
[INFO] started tweaking crates.io crate holochain_turn_based_game 0.1.4
[INFO] finished tweaking crates.io crate holochain_turn_based_game 0.1.4
[INFO] tweaked toml for crates.io crate holochain_turn_based_game 0.1.4 written to /workspace/builds/worker-14/source/Cargo.toml
[INFO] running `Command { std: "/workspace/cargo-home/bin/cargo" "+cfbc6d4cf1acbac5c025acf8ed68929caa551df3" "generate-lockfile" "--manifest-path" "Cargo.toml" "-Zno-index-update", kill_on_drop: false }`
[INFO] running `Command { std: "/workspace/cargo-home/bin/cargo" "+cfbc6d4cf1acbac5c025acf8ed68929caa551df3" "fetch" "--locked" "--manifest-path" "Cargo.toml", kill_on_drop: false }`
[INFO] [stderr]     Blocking waiting for file lock on package cache
[INFO] [stderr]  Downloading crates ...
[INFO] [stderr]   Downloaded futures v0.3.2
[INFO] [stderr]   Downloaded holochain_json_derive v0.0.30
[INFO] [stderr]   Downloaded holochain_entry_utils v0.1.2
[INFO] [stderr]   Downloaded hdk v0.0.47-alpha1
[INFO] [stderr]   Downloaded hdk_proc_macros v0.0.47-alpha1
[INFO] [stderr]   Downloaded holochain_wasm_utils v0.0.47-alpha1
[INFO] [stderr]   Downloaded holochain_locksmith v0.0.47-alpha1
[INFO] [stderr]   Downloaded holochain_core_types v0.0.47-alpha1
[INFO] running `Command { std: "docker" "create" "-v" "/var/lib/crater-agent-workspace/builds/worker-14/target:/opt/rustwide/target:rw,Z" "-v" "/var/lib/crater-agent-workspace/builds/worker-14/source:/opt/rustwide/workdir:ro,Z" "-v" "/var/lib/crater-agent-workspace/cargo-home:/opt/rustwide/cargo-home:ro,Z" "-v" "/var/lib/crater-agent-workspace/rustup-home:/opt/rustwide/rustup-home:ro,Z" "-e" "SOURCE_DIR=/opt/rustwide/workdir" "-e" "CARGO_TARGET_DIR=/opt/rustwide/target" "-e" "CARGO_HOME=/opt/rustwide/cargo-home" "-e" "RUSTUP_HOME=/opt/rustwide/rustup-home" "-w" "/opt/rustwide/workdir" "-m" "1610612736" "--user" "0:0" "--network" "none" "rustops/crates-build-env@sha256:a636fd89d022f18117e1dc8fb37a0a009933cdbbe082814857f0e2024962d47c" "/opt/rustwide/cargo-home/bin/cargo" "+cfbc6d4cf1acbac5c025acf8ed68929caa551df3" "metadata" "--no-deps" "--format-version=1", kill_on_drop: false }`
[INFO] [stdout] 5c65fb2ba3ef2966a7da88c116f78e5e09c6da9c8773001d628a0573b4f977eb
[INFO] [stderr] WARNING: Your kernel does not support swap limit capabilities or the cgroup is not mounted. Memory limited without swap.
[INFO] running `Command { std: "docker" "start" "-a" "5c65fb2ba3ef2966a7da88c116f78e5e09c6da9c8773001d628a0573b4f977eb", kill_on_drop: false }`
[INFO] running `Command { std: "docker" "inspect" "5c65fb2ba3ef2966a7da88c116f78e5e09c6da9c8773001d628a0573b4f977eb", kill_on_drop: false }`
[INFO] running `Command { std: "docker" "rm" "-f" "5c65fb2ba3ef2966a7da88c116f78e5e09c6da9c8773001d628a0573b4f977eb", kill_on_drop: false }`
[INFO] [stdout] 5c65fb2ba3ef2966a7da88c116f78e5e09c6da9c8773001d628a0573b4f977eb
[INFO] running `Command { std: "docker" "create" "-v" "/var/lib/crater-agent-workspace/builds/worker-14/target:/opt/rustwide/target:rw,Z" "-v" "/var/lib/crater-agent-workspace/builds/worker-14/source:/opt/rustwide/workdir:ro,Z" "-v" "/var/lib/crater-agent-workspace/cargo-home:/opt/rustwide/cargo-home:ro,Z" "-v" "/var/lib/crater-agent-workspace/rustup-home:/opt/rustwide/rustup-home:ro,Z" "-e" "SOURCE_DIR=/opt/rustwide/workdir" "-e" "CARGO_TARGET_DIR=/opt/rustwide/target" "-e" "CARGO_INCREMENTAL=0" "-e" "RUST_BACKTRACE=full" "-e" "RUSTFLAGS=--cap-lints=forbid" "-e" "CARGO_HOME=/opt/rustwide/cargo-home" "-e" "RUSTUP_HOME=/opt/rustwide/rustup-home" "-w" "/opt/rustwide/workdir" "-m" "1610612736" "--user" "0:0" "--network" "none" "rustops/crates-build-env@sha256:a636fd89d022f18117e1dc8fb37a0a009933cdbbe082814857f0e2024962d47c" "/opt/rustwide/cargo-home/bin/cargo" "+cfbc6d4cf1acbac5c025acf8ed68929caa551df3" "check" "--frozen" "--all" "--all-targets" "--message-format=json", kill_on_drop: false }`
[INFO] [stdout] 357229fda8626a84bfc1bc6a2e0ca4690e66e1bf7edb7d2d0baf33f7e084e63d
[INFO] [stderr] WARNING: Your kernel does not support swap limit capabilities or the cgroup is not mounted. Memory limited without swap.
[INFO] running `Command { std: "docker" "start" "-a" "357229fda8626a84bfc1bc6a2e0ca4690e66e1bf7edb7d2d0baf33f7e084e63d", kill_on_drop: false }`
[INFO] [stderr]    Compiling memchr v2.3.3
[INFO] [stderr]    Compiling unicode-xid v0.1.0
[INFO] [stderr]    Compiling proc-macro2 v0.4.27
[INFO] [stderr]    Compiling syn v0.15.31
[INFO] [stderr]    Compiling semver-parser v0.7.0
[INFO] [stderr]    Compiling crunchy v0.2.2
[INFO] [stderr]    Compiling log v0.4.8
[INFO] [stderr]    Compiling regex v1.1.2
[INFO] [stderr]    Compiling proc-macro-hack-impl v0.4.2
[INFO] [stderr]    Compiling holochain_json_api v0.0.23
[INFO] [stderr]    Compiling slab v0.4.2
[INFO] [stderr]     Checking futures-core-preview v0.3.0-alpha.17
[INFO] [stderr]    Compiling holochain_persistence_api v0.0.18
[INFO] [stderr]    Compiling byte-tools v0.2.0
[INFO] [stderr]    Compiling rand_core v0.4.2
[INFO] [stderr]     Checking arrayref v0.3.5
[INFO] [stderr]     Checking futures-io-preview v0.3.0-alpha.17
[INFO] [stderr]    Compiling futures-core v0.3.5
[INFO] [stderr]     Checking futures-sink v0.3.5
[INFO] [stderr]     Checking utf8-ranges v1.0.4
[INFO] [stderr]     Checking sha1 v0.5.0
[INFO] [stderr]    Compiling futures-io v0.3.5
[INFO] [stderr]    Compiling reed-solomon v0.2.1
[INFO] [stderr]     Checking objekt v0.1.2
[INFO] [stderr]    Compiling memory_units v0.3.0
[INFO] [stderr]    Compiling snowflake v1.3.0
[INFO] [stderr]     Checking matches v0.1.8
[INFO] [stderr]     Checking percent-encoding v2.1.0
[INFO] [stderr]     Checking ansi_term v0.11.0
[INFO] [stderr]     Checking termcolor v1.1.0
[INFO] [stderr]    Compiling difference v2.0.0
[INFO] [stderr]    Compiling num-traits v0.2.12
[INFO] [stderr]    Compiling num-integer v0.1.43
[INFO] [stderr]    Compiling hashbrown v0.8.2
[INFO] [stderr]    Compiling num-bigint v0.3.0
[INFO] [stderr]    Compiling indexmap v1.5.1
[INFO] [stderr]    Compiling num-iter v0.1.41
[INFO] [stderr]    Compiling num-rational v0.3.0
[INFO] [stderr]    Compiling itertools v0.7.11
[INFO] [stderr]    Compiling backtrace v0.3.27
[INFO] [stderr]     Checking thread_local v0.3.6
[INFO] [stderr]     Checking crossbeam-utils v0.6.6
[INFO] [stderr]    Compiling colored v1.7.0
[INFO] [stderr]    Compiling backtrace-sys v0.1.37
[INFO] [stderr]    Compiling proc-macro2 v0.2.3
[INFO] [stderr]    Compiling futures-sink-preview v0.3.0-alpha.17
[INFO] [stderr]     Checking block-buffer v0.3.3
[INFO] [stderr]     Checking rand_core v0.3.1
[INFO] [stderr]    Compiling futures-task v0.3.5
[INFO] [stderr]    Compiling semver v0.9.0
[INFO] [stderr]     Checking futures-channel v0.3.5
[INFO] [stderr]     Checking humantime v1.3.0
[INFO] [stderr]    Compiling libc v0.2.76
[INFO] [stderr]     Checking unicode-bidi v0.3.4
[INFO] [stderr]    Compiling hcid v0.0.6
[INFO] [stderr]    Compiling ryu v1.0.5
[INFO] [stderr]    Compiling serde v1.0.104
[INFO] [stderr]    Compiling maybe-uninit v2.0.0
[INFO] [stderr]    Compiling typenum v1.12.0
[INFO] [stderr]    Compiling byteorder v1.3.4
[INFO] [stderr]    Compiling pretty_assertions v0.6.1
[INFO] [stderr]    Compiling proc-macro-nested v0.1.6
[INFO] [stderr]    Compiling bitflags v1.2.1
[INFO] [stderr]    Compiling proc-macro-hack v0.4.2
[INFO] [stderr]    Compiling futures-channel-preview v0.3.0-alpha.17
[INFO] [stderr]     Checking num_cpus v1.13.0
[INFO] [stderr]     Checking getrandom v0.1.14
[INFO] [stderr]     Checking rand v0.5.6
[INFO] [stderr]     Checking toml v0.5.0
[INFO] [stderr]    Compiling smallvec v0.6.13
[INFO] [stderr]     Checking generic-array v0.9.0
[INFO] [stderr]     Checking parity-wasm v0.31.3
[INFO] [stderr]    Compiling rustc_version v0.2.3
[INFO] [stderr]    Compiling quote v0.4.2
[INFO] [stderr]     Checking idna v0.2.0
[INFO] [stderr]    Compiling base64 v0.10.1
[INFO] [stderr]    Compiling url v2.1.0
[INFO] [stderr]     Checking tiny-keccak v1.5.0
[INFO] [stderr]    Compiling syn v1.0.39
[INFO] [stderr]     Checking crossbeam-channel v0.3.8
[INFO] [stderr]     Checking rand_core v0.5.1
[INFO] [stderr]    Compiling time v0.1.43
[INFO] [stderr]    Compiling atty v0.2.14
[INFO] [stderr]    Compiling futures-util-preview v0.3.0-alpha.17
[INFO] [stderr]    Compiling aho-corasick v0.6.10
[INFO] [stderr]    Compiling syn v0.12.15
[INFO] [stderr]     Checking digest v0.7.6
[INFO] [stderr]    Compiling parking_lot_core v0.6.2
[INFO] [stderr]    Compiling parking_lot v0.9.0
[INFO] [stderr]    Compiling quote v0.6.11
[INFO] [stderr]     Checking rand_chacha v0.2.2
[INFO] [stderr]     Checking uuid v0.7.1
[INFO] [stderr]    Compiling num-complex v0.3.0
[INFO] [stderr]    Compiling mashup-impl v0.1.12
[INFO] [stderr]     Checking sha2 v0.7.1
[INFO] [stderr]     Checking wasmi v0.4.4
[INFO] [stderr]     Checking rand v0.7.3
[INFO] [stderr]     Checking serde_json v1.0.47
[INFO] [stderr]    Compiling chrono v0.4.6
[INFO] [stderr]     Checking multihash v0.8.0
[INFO] [stderr]     Checking mashup v0.1.12
[INFO] [stderr]     Checking env_logger v0.6.1
[INFO] [stderr]     Checking futures-executor-preview v0.3.0-alpha.17
[INFO] [stderr]     Checking futures-preview v0.3.0-alpha.17
[INFO] [stderr]     Checking holochain_locksmith v0.0.47-alpha1
[INFO] [stderr]    Compiling holochain_core_types v0.0.47-alpha1
[INFO] [stderr]    Compiling shrinkwraprs v0.2.1
[INFO] [stderr]    Compiling num v0.3.0
[INFO] [stderr]    Compiling rust-base58 v0.0.4
[INFO] [stderr]    Compiling serde_derive v1.0.104
[INFO] [stderr]    Compiling futures-macro v0.3.2
[INFO] [stderr]    Compiling futures-util v0.3.2
[INFO] [stderr]    Compiling synstructure v0.10.2
[INFO] [stderr]     Checking futures-executor v0.3.2
[INFO] [stderr]    Compiling zeroize_derive v0.9.3
[INFO] [stderr]    Compiling holochain_json_derive v0.0.23
[INFO] [stderr]    Compiling holochain_json_derive v0.0.30
[INFO] [stderr]     Checking futures v0.3.2
[INFO] [stderr]    Compiling holochain_logging v0.0.7
[INFO] [stdout] error[E0554]: `#![feature]` may not be used on the beta release channel
[INFO] [stdout]  --> /opt/rustwide/cargo-home/registry/src/github.com-1ecc6299db9ec823/holochain_json_api-0.0.23/src/lib.rs:4:1
[INFO] [stdout]   |
[INFO] [stdout] 4 | #![feature(try_trait)]
[INFO] [stdout]   | ^^^^^^^^^^^^^^^^^^^^^^
[INFO] [stdout] 
[INFO] [stdout] 
[INFO] [stdout] error[E0554]: `#![feature]` may not be used on the beta release channel
[INFO] [stdout]  --> /opt/rustwide/cargo-home/registry/src/github.com-1ecc6299db9ec823/holochain_json_api-0.0.23/src/lib.rs:5:1
[INFO] [stdout]   |
[INFO] [stdout] 5 | #![feature(never_type)]
[INFO] [stdout]   | ^^^^^^^^^^^^^^^^^^^^^^^
[INFO] [stdout] 
[INFO] [stdout] 
[INFO] [stdout] error[E0554]: `#![feature]` may not be used on the beta release channel
[INFO] [stdout]  --> /opt/rustwide/cargo-home/registry/src/github.com-1ecc6299db9ec823/holochain_json_api-0.0.23/src/lib.rs:4:1
[INFO] [stdout]   |
[INFO] [stdout] 4 | #![feature(try_trait)]
[INFO] [stdout]   | ^^^^^^^^^^^^^^^^^^^^^^
[INFO] [stdout] 
[INFO] [stdout] 
[INFO] [stdout] error[E0554]: `#![feature]` may not be used on the beta release channel
[INFO] [stdout]  --> /opt/rustwide/cargo-home/registry/src/github.com-1ecc6299db9ec823/holochain_json_api-0.0.23/src/lib.rs:5:1
[INFO] [stdout]   |
[INFO] [stdout] 5 | #![feature(never_type)]
[INFO] [stdout]   | ^^^^^^^^^^^^^^^^^^^^^^^
[INFO] [stdout] 
[INFO] [stdout] 
[INFO] [stderr]     Checking zeroize v0.9.2
[INFO] [stdout] error: aborting due to 2 previous errors
[INFO] [stdout] 
[INFO] [stdout] 
[INFO] [stdout] For more information about this error, try `rustc --explain E0554`.
[INFO] [stdout] 
[INFO] [stdout] error: aborting due to 2 previous errors
[INFO] [stdout] 
[INFO] [stdout] 
[INFO] [stdout] For more information about this error, try `rustc --explain E0554`.
[INFO] [stdout] 
[INFO] [stderr] error: could not compile `holochain_json_api`.
[INFO] [stderr] 
[INFO] [stderr] To learn more, run the command again with --verbose.
[INFO] [stderr] warning: build failed, waiting for other jobs to finish...
[INFO] [stderr] error: build failed
[INFO] running `Command { std: "docker" "inspect" "357229fda8626a84bfc1bc6a2e0ca4690e66e1bf7edb7d2d0baf33f7e084e63d", kill_on_drop: false }`
[INFO] running `Command { std: "docker" "rm" "-f" "357229fda8626a84bfc1bc6a2e0ca4690e66e1bf7edb7d2d0baf33f7e084e63d", kill_on_drop: false }`
[INFO] [stdout] 357229fda8626a84bfc1bc6a2e0ca4690e66e1bf7edb7d2d0baf33f7e084e63d
